ainder when o is divided by 18?
15
Let y(m) be the first derivative of 2*m**3/3 + 19*m**2/2 - 19*m - 2. Calculate the remainder when 95 is divided by y(-11).
11
Let u(t) = 3*t**2 + 4*t - 4. Suppose -w = 4*w - 95. Suppose 3*q + 2*r = 8 - 27, 5*r + w = 2*q. Calculate the remainder when 42 is divided by u(q).
9
Suppose z + 4 = 0, j - z + 22 = -j. Let a(l) = -5*l - 26. What is the remainder when 116 is divided by a(j)?
38
Suppose 8*i + 7*i - 2730 = 0. Let p = i - 157. Calculate the remainder when p is divided by -1 - -1*22/2.
5
Let w = -84 - -91. Suppose -y + 4*y = -5*h + 40, -4*y + 5 = -3*h. Calculate the remainder when w is divided by h.
2
Suppose -2*d + 3*s + 62 = 0, 2*d - 4*s = -9*s + 46. What is the remainder when 97 is divided by d?
13
Suppose 0 = 10*r - 66 - 34. Suppose -r*k - 60 = -14*k. What is the remainder when 24 is divided by k?
9
Suppose 4*r + 60 = 5*m, -5*r = m - 9 - 3. Let l be 122/8 + 3/(-12). What is the remainder when 5/l + (-510)/(-9) is divided by m?
9
Suppose 12 = 3*d + d + 4*o, 0 = 3*d - 2*o - 19. Suppose 0 = -2*c + 10, -4*y + d*c = c + 156. Calculate the remainder when y/(-17)*23/2 is divided by 8.
7
Suppose -g = -5, 0 = r - g + 38 - 0. Calculate the remainder when 14*(4 - r/6) is divided by 15.
13
Let x(w) = w**3 - 5*w**2 + w + 1. Let j = 4115 - 4086. What is the remainder when j is divided by x(5)?
5
Let o(y) be the third derivative of y**5/12 + y**4/4 - 5*y**3/2 + 7*y**2. Calculate the remainder when o(-6) is divided by 33.
30
Let l be 375/6 - (-5)/(-10). Let j = l - 37. What is the remainder when 47 is divided by j?
22
Let d(a) be the second derivative of 4*a**3 + 3*a**2/2 - 21*a. Calculate the remainder when d(4) is divided by 25.
24
Let v be ((-9)/3 + 2)*-19. Suppose -4*c = -3*u + 20 - 67, 4*u + 50 = -c. Let s = u + v. Calculate the remainder when s is divided by 3.
0
Suppose 6*w - 8*w = -54. Suppose -4*p + w = -3*p. What is the remainder when p is divided by 7?
6
Let o = 51 + -19. Suppose -s - 5*h = -5 - 58, -252 = -4*s - 4*h. What is the remainder when s is divided by o?
31
Let w(h) = h**3 - 6*h**2 - 7*h + 2. Let d be w(7). Suppose -d*l + 4 = -6. Suppose -l = n, -4*n + 10 = o + o. What is the remainder when o is divided by 4?
3
Suppose -17 = -2*j + 85. Suppose -4*b + 5*b = j. What is the remainder when b is divided by (-91)/(-14)*(2 - 0)?
12
Suppose -5*i + 24 = -11. Suppose 0 = 2*k - 4*r - 36, 0*k - 5*k - 3*r + 103 = 0. What is the remainder when k is divided by i?
6
Suppose 3*d - 2*a - 44 = 2*a, 0 = d + a - 3. Calculate the remainder when 51 is divided by d.
3
Calculate the remainder when (1*2/5)/(57/7125) is divided by 38.
12
Let u = 71 + -60. What is the remainder when (-2)/(-1 + u)*-35 is divided by 3?
1
Let t = -150 + 46. Calculate the remainder when (t/32)/(3/(-24)) is divided by 6.
2
Suppose -4*s = -20, -5*s = 9*m - 10*m + 251. What is the remainder when m is divided by 40?
36
Let v be -3 + 2 - -3 - 66. What is the remainder when ((-188)/(-14))/((-3)/(-16 - 5)) is divided by 18/8*v/(-6)?
22
Let z(l) = l**2 + 2*l + 1. Let q be z(-4). Let j(u) = u**2 - 11*u - 9. Let p be j(q). Let b = p + 51. Calculate the remainder when b is divided by 9.
6
Let b = 26 - 22. Let g(w) = -1 - 3 + 4*w**2 + 3 - 2*w**2 + w**3 - 4*w. Calculate the remainder when b is divided by g(-3).
0
Suppose 3*w + 4*x - 125 = 0, 2*w = 6*x - 7*x + 85. What is the remainder when w is divided by 10?
3
Suppose 0 = -q - o + 51, -18*q + 4*o + 196 = -14*q. Calculate the remainder when 247 is divided by q.
47
Suppose -5*a = -3*a - 6. Let j(b) = 0*b - b - 4 + 16 + a. Calculate the remainder when 7 is divided by j(11).
3
Suppose 0*v + 54 = o - 4*v, -3*v + 26 = o. Suppose 11 = -2*u + 31. What is the remainder when o is divided by u?
8
Let i = -6 + 65. Let k(t) = -2*t + 1. Let p(d) = 5*d + 19. Let g(h) = 3*k(h) + p(h). What is the remainder when i is divided by g(7)?
14
Suppose 6*y - 963 = 465. What is the remainder when y is divided by 32?
14
Let c(i) = -18*i**2 + 3*i + 2. Let u be c(-1). Let x = u - -27. Calculate the remainder when (-7)/(-35) - 378/(-10) is divided by x.
6
Suppose -v = -5*o + 17, -6 = -3*v + 5*v - 3*o. Suppose -5*u = 25, -5*u = 4*z - u - 12. What is the remainder when v/12 + 102/z is divided by 7?
6
Let p(h) = 67*h**2 + 3*h - 2. Let r be p(1). What is the remainder when (-9)/(-3)*r/12 is divided by 7?
3
What is the remainder when 136 is divided by 56 + -2 + 8 - -8?
66
Suppose b - 31 = -11. Let w = b + -17. Calculate the remainder when 15 is divided by w.
0
Suppose 5*f + v - 2*v = -110, 0 = 3*f + v + 58. Let n be (-7)/f + (-58)/3. Let c = 33 + n. Calculate the remainder when 27 is divided by c.
13
Let n = -5563 + 5637. Let p = 18 + -3. What is the remainder when n is divided by p?
14
Let p = -13 + 18. Let o = p - 3. Let v(l) = 2*l**2 - 2*l + 3. What is the remainder when 19 is divided by v(o)?
5
Suppose -3*b + 377 = -5*x, 2*b + x - 233 = 40. What is the remainder when b is divided by 8?
6
Let c = 10 + 11. Calculate the remainder when 65 is divided by c.
2
Let c = 431 - 215. What is the remainder when c is divided by 110?
106
Suppose -7*u + 5*u = 5*s - 116, 0 = 4*s - 3*u - 102. Let k(l) = 3*l**2 + 3*l + 3. What is the remainder when k(-6) is divided by s?
21
Suppose h - 4 = -2*n + 4, 13 = 5*h + n. Suppose 3*m + h*q = -1, q + 8 = -4*m - 3*q. What is the remainder when 49 is divided by 1*(-3)/m*-17?
15
Let n(l) = -l**2 + 11*l - 3. What is the remainder when (-310)/(-7) + -2 + (-10)/35 is divided by n(9)?
12
Suppose 44*p - 34588 = -6604. What is the remainder when p is divided by 49?
48
Let g be (-2 + 1)/(3/(-36)). Let d = 27 - g. Calculate the remainder when 56 is divided by d.
11
Suppose 0*s + 3*s + d - 407 = 0, 5*d - 695 = -5*s. Let t = -74 + s. What is the remainder when t/24*104/10 is divided by 9?
8
Let j(x) = -x**2 - 28*x + 65. What is the remainder when j(-21) is divided by 71?
70
Let b(i) = -i**2 - 9*i + 19. What is the remainder when 92 is divided by b(-8)?
11
Suppose 2*i - 7 = 2*w - 1, 3*i - 33 = -3*w. Suppose -k - r + i = 0, -13 = -3*k + 4*r - 5*r. What is the remainder when 5 is divided by k?
2
What is the remainder when 15 is divided by -1 + 14 + 0/(0 + -5)?
2
Suppose -3*u + 5*g = -233, u + u - 5*g = 162. What is the remainder when u is divided by 42?
29
Suppose l - 2 = 18. Let m(a) = a**2 + 2*a - 27. Let u be m(-6). Calculate the remainder when (u - 0)/3 - (-38 + 0) is divided by l.
17
Let w = -176 + 314. What is the remainder when w is divided by 28?
26
Let a = -47 - -68. Suppose 17*q = a*q - 20. Calculate the remainder when 7 is divided by q.
2
Suppose 12 = 21*v - 17*v. Suppose u + 84 = 5*u - 5*n, 0 = -5*u + v*n + 105. Calculate the remainder when 144 is divided by u.
18
Let r(t) = -t**3 - 26*t**2 - 24*t + 19. Let f be r(-25). Let q = 97 + -43. What is the remainder when q is divided by 0 - (3/(-9)*f + -13)?
10
Let v(y) = y**2 - 2*y - 25. Suppose 26*f - 28*f + 16 = 0. What is the remainder when v(f) is divided by 13?
10
Let u be -2 + -1 + 1 - -2. Suppose -5*q - 2 - 3 = u. What is the remainder when (53 + 3)/4 - q is divided by 6?
3
Let z be ((-19)/5)/((-1)/5). Let v = 25 - z. Let o = 85 + v. What is the remainder when o is divided by 23?
22
Suppose 0 = 2*r + 120 + 70. Let w = 143 + r. Calculate the remainder when w is divided by 25.
23
Calculate the remainder when 72*(-8 + 370/30) is divided by 21.
18
Let b be (4 - 112)/1 - -2. Let w = b - -181. Calculate the remainder when w is divided by 26.
23
Suppose -l + 5*u = -24, 3*l + 32*u - 30 = 33*u. Let g = 2 + 1. Suppose 33 = g*o - 126. Calculate the remainder when o is divided by l.
8
Let d(v) = 28*v**3 + 3*v**2 - 2. Let f = -102 + 357. Suppose 5*l - f = 2*l. Calculate the remainder when l is divided by d(1).
27
Calculate the remainder when (-3)/5 + 7786/85 is divided by 24.
19
Suppose 11*z = 26*z - 225. Calculate the remainder when 2/4 + (-333)/(-6) is divided by z.
11
Let p(o) = o**2 + 9*o + 28. Let v be p(-5). What is the remainder when 102 is divided by ((-84)/(-10))/(v/20)?
18
Let m(k) = 9*k + 357. Calculate the remainder when m(-20) is divided by 41.
13
Suppose 5*f + 5*y - 6*y = 248, -f + 3*y + 44 = 0. Suppose 0 = 5*c - 10*c + f. Calculate the remainder when 11 is divided by c.
1
Let a(q) = 2*q**2 - 55*q + 44. Calculate the remainder when 265 is divided by a(27).
10
Supp